{"id":129,"date":"2020-06-20T21:42:48","date_gmt":"2020-06-20T19:42:48","guid":{"rendered":"http:\/\/www.lefieu.fr\/?page_id=129"},"modified":"2023-10-01T10:34:16","modified_gmt":"2023-10-01T08:34:16","slug":"contact","status":"publish","type":"page","link":"https:\/\/www.lefieu.fr\/index.php\/contact\/","title":{"rendered":"Restons en contact"},"content":{"rendered":"\n<div class=\"wp-block-columns is-layout-flex wp-container-core-columns-is-layout-28f84493 wp-block-columns-is-layout-flex\">\n<div class=\"wp-block-column is-layout-flow wp-block-column-is-layout-flow\">\n<div class=\"hestia-info info info-horizontal\">\n<div class=\"icon icon-primary\"><i class=\"fas fa-map-marker-alt\" style=\"color:green\"><\/i><\/div>\n<div class=\"description\">\n<h4 class=\"info-title\">Coordonn\u00e9es de la Mairie<\/h4>\n<strong>5 Le Bourg 33230  LE FIEU<\/strong><\/div>\n<\/div>\n<br>\n<div class=\"hestia-info info info-horizontal\">\n<div class=\"icon icon-primary\"><i class=\"fas fa-mobile-alt\" style=\"color:green\"><\/i><\/div>\n<div class=\"description\">\n<h4 class=\"info-title\">T\u00e9l\u00e9phone <\/h4>\n<\/em> <strong>05 57 69 64 38<\/strong>\n<br>\n<\/div>\nMail : <\/em><strong>mairie@lefieu.fr<\/strong><\/div>\n<br>\n<div class=\"hestia-info info info-horizontal\">\n<div class=\"icon icon-primary\" style=\"color:green\"><i class=\"fas fa-clock-o\"><\/i><\/div>\n<div class=\"description\">\n<h4 class=\"info-title\">Horaires<\/h4>\n<ul>\n \t<li><strong><span>Lundi :<\/span><span>  8h30 &#8211; 12h30  et 13h30 &#8211; 17h30<\/span><\/strong><\/li>\n \t<li><span><strong>Mardi :<\/strong><\/span><span><strong>  8h30 &#8211; 12h30 <\/strong> <span style=\"color: #ff0000;\">et 13h30 &#8211; 17h00 <em>(<u>ferm\u00e9 public<\/u>)<\/em><\/span><\/span><\/li>\n \t<li><span><strong>Mercredi<\/strong><\/span><span><strong> <em>(<u>semaines paires<\/u>)<\/em> :  8h30 &#8211; 12h00<\/strong><\/span><\/li>\n \t<li><span><strong>Jeudi<\/strong><\/span><span><strong> :  8h30 &#8211; 12h30<\/strong>  <span style=\"color: #ff0000;\">et 13h30 &#8211; 17h00 <em>(<u>ferm\u00e9 au public<\/u>)<\/em><\/span><\/span><\/li>\n \t<li><span><strong>Vendredi<\/strong><\/span><span><strong> :<\/strong> <span style=\"color: #ff0000;\">8h30 &#8211; 12h30<em> (<\/em><u><em>ferm\u00e9 au public<\/em><\/u><em>)<\/em><\/span> et <strong>14h30 &#8211; 18h30<\/strong> <\/span><\/li>\n \t<li><strong><span>Samedi<\/span><span> <em>(<u>semaines impaires<\/u>) : <\/em>8h30 &#8211; 12h00<\/span><\/strong><\/li>\n<\/ul>\n<\/div>\n<\/div>\n<\/div>\n\n\n\n<div class=\"wp-block-column is-layout-flow wp-block-column-is-layout-flow\"><!-- WPForms: no fields, form hidden -->\n<\/div>\n<\/div>\n","protected":false},"excerpt":{"rendered":"<p>Coordonn\u00e9es de la Mairie 5 Le Bourg 33230 LE FIEU T\u00e9l\u00e9phone 05 57 69 64 38 Mail : mairie@lefieu.fr Horaires Lundi : 8h30 &#8211; 12h30 et 13h30 &#8211; 17h30 Mardi : 8h30 &#8211; 12h30 et 13h30 &#8211; 17h00 (ferm\u00e9 public) Mercredi (semaines paires) : 8h30 &#8211; 12h00 Jeudi : 8h30 [&hellip;]<\/p>\n","protected":false},"author":1,"featured_media":69,"parent":0,"menu_order":0,"comment_status":"closed","ping_status":"closed","template":"page-templates\/template-fullwidth.php","meta":{"_s2mail":"yes","_themeisle_gutenberg_block_has_review":false,"footnotes":""},"class_list":["post-129","page","type-page","status-publish","has-post-thumbnail","hentry"],"_links":{"self":[{"href":"https:\/\/www.lefieu.fr\/index.php\/wp-json\/wp\/v2\/pages\/129","targetHints":{"allow":["GET"]}}],"collection":[{"href":"https:\/\/www.lefieu.fr\/index.php\/wp-json\/wp\/v2\/pages"}],"about":[{"href":"https:\/\/www.lefieu.fr\/index.php\/wp-json\/wp\/v2\/types\/page"}],"author":[{"embeddable":true,"href":"https:\/\/www.lefieu.fr\/index.php\/wp-json\/wp\/v2\/users\/1"}],"replies":[{"embeddable":true,"href":"https:\/\/www.lefieu.fr\/index.php\/wp-json\/wp\/v2\/comments?post=129"}],"version-history":[{"count":28,"href":"https:\/\/www.lefieu.fr\/index.php\/wp-json\/wp\/v2\/pages\/129\/revisions"}],"predecessor-version":[{"id":3233,"href":"https:\/\/www.lefieu.fr\/index.php\/wp-json\/wp\/v2\/pages\/129\/revisions\/3233"}],"wp:featuredmedia":[{"embeddable":true,"href":"https:\/\/www.lefieu.fr\/index.php\/wp-json\/wp\/v2\/media\/69"}],"wp:attachment":[{"href":"https:\/\/www.lefieu.fr\/index.php\/wp-json\/wp\/v2\/media?parent=129"}],"curies":[{"name":"wp","href":"https:\/\/api.w.org\/{rel}","templated":true}]}}

<div class="wp-block-columns is-layout-flex wp-container-core-columns-is-layout-28f84493 wp-block-columns-is-layout-flex">
<div class="wp-block-column is-layout-flow wp-block-column-is-layout-flow">
<div class="hestia-info info info-horizontal">
<div class="icon icon-primary"><i class="fas fa-map-marker-alt" style="color:green"></i></div>
<div class="description">
<h4 class="info-title">Coordonnées de la Mairie</h4>
<strong>5 Le Bourg 33230  LE FIEU</strong></div>
</div>
<br>
<div class="hestia-info info info-horizontal">
<div class="icon icon-primary"><i class="fas fa-mobile-alt" style="color:green"></i></div>
<div class="description">
<h4 class="info-title">Téléphone </h4>
</em> <strong>05 57 69 64 38</strong>
<br>
</div>
Mail : </em><strong>mairie@lefieu.fr</strong></div>
<br>
<div class="hestia-info info info-horizontal">
<div class="icon icon-primary" style="color:green"><i class="fas fa-clock-o"></i></div>
<div class="description">
<h4 class="info-title">Horaires</h4>
<ul>
 	<li><strong><span>Lundi :</span><span>  8h30 &#8211; 12h30  et 13h30 &#8211; 17h30</span></strong></li>
 	<li><span><strong>Mardi :</strong></span><span><strong>  8h30 &#8211; 12h30 </strong> <span style="color: #ff0000;">et 13h30 &#8211; 17h00 <em>(<u>fermé public</u>)</em></span></span></li>
 	<li><span><strong>Mercredi</strong></span><span><strong> <em>(<u>semaines paires</u>)</em> :  8h30 &#8211; 12h00</strong></span></li>
 	<li><span><strong>Jeudi</strong></span><span><strong> :  8h30 &#8211; 12h30</strong>  <span style="color: #ff0000;">et 13h30 &#8211; 17h00 <em>(<u>fermé au public</u>)</em></span></span></li>
 	<li><span><strong>Vendredi</strong></span><span><strong> :</strong> <span style="color: #ff0000;">8h30 &#8211; 12h30<em> (</em><u><em>fermé au public</em></u><em>)</em></span> et <strong>14h30 &#8211; 18h30</strong> </span></li>
 	<li><strong><span>Samedi</span><span> <em>(<u>semaines impaires</u>) : </em>8h30 &#8211; 12h00</span></strong></li>
</ul>
</div>
</div>
</div>



<div class="wp-block-column is-layout-flow wp-block-column-is-layout-flow"><!-- WPForms: no fields, form hidden -->
</div>
</div>

<p>Coordonnées de la Mairie 5 Le Bourg 33230 LE FIEU Téléphone 05 57 69 64 38 Mail : mairie@lefieu.fr Horaires Lundi : 8h30 &#8211; 12h30 et 13h30 &#8211; 17h30 Mardi : 8h30 &#8211; 12h30 et 13h30 &#8211; 17h00 (fermé public) Mercredi (semaines paires) : 8h30 &#8211; 12h00 Jeudi : 8h30 [&hellip;]</p>
