{"id":2026,"date":"2021-12-16T11:42:16","date_gmt":"2021-12-16T10:42:16","guid":{"rendered":"https:\/\/www.lefieu.fr\/?page_id=2026"},"modified":"2023-01-06T08:13:28","modified_gmt":"2023-01-06T07:13:28","slug":"smicval","status":"publish","type":"page","link":"https:\/\/www.lefieu.fr\/index.php\/smicval\/","title":{"rendered":"SMICVAL"},"content":{"rendered":"<div class=\"wp-block-image\">\n<figure class=\"aligncenter size-full is-resized\"><img loading=\"lazy\" decoding=\"async\" src=\"https:\/\/www.lefieu.fr\/wp-content\/uploads\/2020\/06\/smicval.png\" alt=\"\" class=\"wp-image-319\" width=\"358\" height=\"338\"\/><\/figure>\n<\/div>\n\n\n<p>2023 sera l&#8217;ann\u00e9e du d\u00e9but de changement significatif de nos habitudes en mati\u00e8re de d\u00e9chets. Pour l&#8217;instant, le SMICVAL vous propose de t\u00e9l\u00e9charger le calendrier de ramassage de l&#8217;ann\u00e9e. <a href=\"https:\/\/calendrier.smicval.fr\/\">Cliquer ici !<\/a><\/p>\n\n\n\n<p><\/p>\n\n\n\n<p><\/p>\n\n\n\n<p>Tout sur le SMICVAL, cliquez sur le lien <a href=\"https:\/\/www.smicval.fr\/\"><strong><span style=\"text-decoration: underline;\">https:\/\/www.smicval.fr\/<\/span><\/strong><\/a><\/p>\n\n\n\n<p><\/p>\n\n\n\n<p id=\"block-e3874ff4-183d-40ec-b104-60f5995a37a5\">Depuis 1995, le Smicval a pos\u00e9 les principes fondateurs de son mod\u00e8le qui ont permis d\u2019affirmer une vision politique sur le territoire pour <strong>assurer un service public de qualit\u00e9 sans laisser de dette environnementale, \u00e9conomique et sociale.<\/strong> Le Smicval, assure <strong>sa mission d\u2019int\u00e9r\u00eat g\u00e9n\u00e9ral de pr\u00e9vention, de collecte et de traitement des d\u00e9chets<\/strong> sur un territoire de 138 communes aupr\u00e8s de plus de 200 000 habitants.<\/p>\n\n\n\n<figure class=\"wp-block-embed is-type-video is-provider-youtube wp-block-embed-youtube wp-embed-aspect-16-9 wp-has-aspect-ratio\"><div class=\"wp-block-embed__wrapper\">\n<iframe loading=\"lazy\" title=\"Sylvain Guinaudie, Pr\u00e9sident du SMICVAL au Festival Solutions Solidaires\" width=\"750\" height=\"422\" src=\"https:\/\/www.youtube.com\/embed\/S8eMeb0R8GU?feature=oembed\" frameborder=\"0\" allow=\"accelerometer; autoplay; clipboard-write; encrypted-media; gyroscope; picture-in-picture; web-share\" allowfullscreen><\/iframe>\n<\/div><\/figure>\n\n\n\n<p><\/p>\n\n\n\n<div class=\"wp-block-themeisle-blocks-advanced-columns has-undefined-columns has-desktop-undefined-layout has-tablet-equal-layout has-mobile-equal-layout has-default-gap has-vertical-unset\" id=\"wp-block-themeisle-blocks-advanced-columns-ae12d493\"><div class=\"wp-block-themeisle-blocks-advanced-columns-overlay\"><\/div><div class=\"innerblocks-wrap\"><\/div><\/div>\n","protected":false},"excerpt":{"rendered":"<p>2023 sera l&#8217;ann\u00e9e du d\u00e9but de changement significatif de nos habitudes en mati\u00e8re de d\u00e9chets. Pour l&#8217;instant, le SMICVAL vous propose de t\u00e9l\u00e9charger le calendrier de ramassage de l&#8217;ann\u00e9e. Cliquer ici ! Tout sur le SMICVAL, cliquez sur le lien https:\/\/www.smicval.fr\/ Depuis 1995, le Smicval a pos\u00e9 les principes fondateurs [&hellip;]<\/p>\n","protected":false},"author":1,"featured_media":2061,"parent":0,"menu_order":0,"comment_status":"closed","ping_status":"closed","template":"","meta":{"_s2mail":"yes","_themeisle_gutenberg_block_has_review":false,"footnotes":""},"class_list":["post-2026","page","type-page","status-publish","has-post-thumbnail","hentry"],"_links":{"self":[{"href":"https:\/\/www.lefieu.fr\/index.php\/wp-json\/wp\/v2\/pages\/2026","targetHints":{"allow":["GET"]}}],"collection":[{"href":"https:\/\/www.lefieu.fr\/index.php\/wp-json\/wp\/v2\/pages"}],"about":[{"href":"https:\/\/www.lefieu.fr\/index.php\/wp-json\/wp\/v2\/types\/page"}],"author":[{"embeddable":true,"href":"https:\/\/www.lefieu.fr\/index.php\/wp-json\/wp\/v2\/users\/1"}],"replies":[{"embeddable":true,"href":"https:\/\/www.lefieu.fr\/index.php\/wp-json\/wp\/v2\/comments?post=2026"}],"version-history":[{"count":9,"href":"https:\/\/www.lefieu.fr\/index.php\/wp-json\/wp\/v2\/pages\/2026\/revisions"}],"predecessor-version":[{"id":2685,"href":"https:\/\/www.lefieu.fr\/index.php\/wp-json\/wp\/v2\/pages\/2026\/revisions\/2685"}],"wp:featuredmedia":[{"embeddable":true,"href":"https:\/\/www.lefieu.fr\/index.php\/wp-json\/wp\/v2\/media\/2061"}],"wp:attachment":[{"href":"https:\/\/www.lefieu.fr\/index.php\/wp-json\/wp\/v2\/media?parent=2026"}],"curies":[{"name":"wp","href":"https:\/\/api.w.org\/{rel}","templated":true}]}}