{"id":536,"date":"2020-07-03T10:55:10","date_gmt":"2020-07-03T08:55:10","guid":{"rendered":"http:\/\/www.lefieu.fr\/?page_id=536"},"modified":"2026-03-16T17:53:08","modified_gmt":"2026-03-16T16:53:08","slug":"commercants","status":"publish","type":"page","link":"https:\/\/www.lefieu.fr\/index.php\/commercants\/","title":{"rendered":"Commer\u00e7ants"},"content":{"rendered":"\n<p>Cette page regroupe les commer\u00e7ants qui souhaitent faire part de leur pr\u00e9sence sur la commune. Elle sera mise \u00e0 jour en fonction des demandes d\u00e9pos\u00e9es en mairie.<\/p>\n\n\n\n<p><span style=\"text-decoration: underline;\"><strong>************************************************************************<\/strong><\/span><\/p>\n\n\n<div class=\"wp-block-image\">\n<figure class=\"aligncenter size-large is-resized\"><img loading=\"lazy\" decoding=\"async\" width=\"1024\" height=\"576\" src=\"http:\/\/www.lefieu.fr\/wp-content\/uploads\/2020\/07\/20200727_111512-1024x576.jpg\" alt=\"\" class=\"wp-image-694\" style=\"width:232px;height:130px\" srcset=\"https:\/\/www.lefieu.fr\/wp-content\/uploads\/2020\/07\/20200727_111512-1024x576.jpg 1024w, https:\/\/www.lefieu.fr\/wp-content\/uploads\/2020\/07\/20200727_111512-300x169.jpg 300w, https:\/\/www.lefieu.fr\/wp-content\/uploads\/2020\/07\/20200727_111512-768x432.jpg 768w, https:\/\/www.lefieu.fr\/wp-content\/uploads\/2020\/07\/20200727_111512-1536x864.jpg 1536w, https:\/\/www.lefieu.fr\/wp-content\/uploads\/2020\/07\/20200727_111512-2048x1152.jpg 2048w\" sizes=\"auto, (max-width: 1024px) 100vw, 1024px\" \/><\/figure>\n<\/div>\n\n\n<p style=\"font-size:30px\"><span style=\"color:#0804fa\" class=\"has-inline-color\"><strong><span style=\"text-decoration: underline;\">Le K-F\u00e9<\/span><\/strong><\/span> <em>(Bar, tabac, \u00e9picerie,&#8230;)<\/em><\/p>\n\n\n\n<ul class=\"wp-block-list\">\n<li>Bar, tabac,<\/li>\n\n\n\n<li>Epicerie,<\/li>\n\n\n\n<li>D\u00e9p\u00f4t de pains,<\/li>\n\n\n\n<li>Journal Sud-Ouest,<\/li>\n\n\n\n<li>&#8230;<\/li>\n<\/ul>\n\n\n\n<p>Terrasse ombrag\u00e9e<\/p>\n\n\n\n<p>Ouvert tous les jours de <strong>7h \u00e0 19h<\/strong> sauf dimanche (<strong>8h &#8211; 13h<\/strong>)<\/p>\n\n\n\n<p class=\"has-medium-font-size\"><strong><span style=\"text-decoration: underline;\">Contact :<\/span><\/strong> <span style=\"color:#1c04fb\" class=\"has-inline-color\"><strong>05 57 69 71 17<\/strong><\/span>    <\/p>\n\n\n\n<p><span style=\"text-decoration: underline;\"><strong>************************************************************************<\/strong><\/span><\/p>\n","protected":false},"excerpt":{"rendered":"<p>Cette page regroupe les commer\u00e7ants qui souhaitent faire part de leur pr\u00e9sence sur la commune. Elle sera mise \u00e0 jour en fonction des demandes d\u00e9pos\u00e9es en mairie. ************************************************************************ Le K-F\u00e9 (Bar, tabac, \u00e9picerie,&#8230;) Terrasse ombrag\u00e9e Ouvert tous les jours de 7h \u00e0 19h sauf dimanche (8h &#8211; 13h) Contact : [&hellip;]<\/p>\n","protected":false},"author":1,"featured_media":0,"parent":0,"menu_order":0,"comment_status":"closed","ping_status":"closed","template":"","meta":{"_s2mail":"yes","_themeisle_gutenberg_block_has_review":false,"footnotes":""},"class_list":["post-536","page","type-page","status-publish","hentry"],"_links":{"self":[{"href":"https:\/\/www.lefieu.fr\/index.php\/wp-json\/wp\/v2\/pages\/536","targetHints":{"allow":["GET"]}}],"collection":[{"href":"https:\/\/www.lefieu.fr\/index.php\/wp-json\/wp\/v2\/pages"}],"about":[{"href":"https:\/\/www.lefieu.fr\/index.php\/wp-json\/wp\/v2\/types\/page"}],"author":[{"embeddable":true,"href":"https:\/\/www.lefieu.fr\/index.php\/wp-json\/wp\/v2\/users\/1"}],"replies":[{"embeddable":true,"href":"https:\/\/www.lefieu.fr\/index.php\/wp-json\/wp\/v2\/comments?post=536"}],"version-history":[{"count":5,"href":"https:\/\/www.lefieu.fr\/index.php\/wp-json\/wp\/v2\/pages\/536\/revisions"}],"predecessor-version":[{"id":4407,"href":"https:\/\/www.lefieu.fr\/index.php\/wp-json\/wp\/v2\/pages\/536\/revisions\/4407"}],"wp:attachment":[{"href":"https:\/\/www.lefieu.fr\/index.php\/wp-json\/wp\/v2\/media?parent=536"}],"curies":[{"name":"wp","href":"https:\/\/api.w.org\/{rel}","templated":true}]}}

Commerçants

<p>Cette page regroupe les commerçants qui souhaitent faire part de leur présence sur la commune. Elle sera mise à jour en fonction des demandes déposées en mairie.</p>



<p><span style="text-decoration: underline;"><strong>************************************************************************</strong></span></p>


<div class="wp-block-image">
<figure class="aligncenter size-large is-resized"><img loading="lazy" decoding="async" width="1024" height="576" src="http://www.lefieu.fr/wp-content/uploads/2020/07/20200727_111512-1024x576.jpg" alt="" class="wp-image-694" style="width:232px;height:130px" srcset="https://www.lefieu.fr/wp-content/uploads/2020/07/20200727_111512-1024x576.jpg 1024w, https://www.lefieu.fr/wp-content/uploads/2020/07/20200727_111512-300x169.jpg 300w, https://www.lefieu.fr/wp-content/uploads/2020/07/20200727_111512-768x432.jpg 768w, https://www.lefieu.fr/wp-content/uploads/2020/07/20200727_111512-1536x864.jpg 1536w, https://www.lefieu.fr/wp-content/uploads/2020/07/20200727_111512-2048x1152.jpg 2048w" sizes="auto, (max-width: 1024px) 100vw, 1024px" /></figure>
</div>


<p style="font-size:30px"><span style="color:#0804fa" class="has-inline-color"><strong><span style="text-decoration: underline;">Le K-Fé</span></strong></span> <em>(Bar, tabac, épicerie,&#8230;)</em></p>



<ul class="wp-block-list">
<li>Bar, tabac,</li>



<li>Epicerie,</li>



<li>Dépôt de pains,</li>



<li>Journal Sud-Ouest,</li>



<li>&#8230;</li>
</ul>



<p>Terrasse ombragée</p>



<p>Ouvert tous les jours de <strong>7h à 19h</strong> sauf dimanche (<strong>8h &#8211; 13h</strong>)</p>



<p class="has-medium-font-size"><strong><span style="text-decoration: underline;">Contact :</span></strong> <span style="color:#1c04fb" class="has-inline-color"><strong>05 57 69 71 17</strong></span>    </p>



<p><span style="text-decoration: underline;"><strong>************************************************************************</strong></span></p>

<p>Cette page regroupe les commerçants qui souhaitent faire part de leur présence sur la commune. Elle sera mise à jour en fonction des demandes déposées en mairie. ************************************************************************ Le K-Fé (Bar, tabac, épicerie,&#8230;) Terrasse ombragée Ouvert tous les jours de 7h à 19h sauf dimanche (8h &#8211; 13h) Contact : [&hellip;]</p>
